when 1717 is divided by 5.
2
Calculate the remainder when 358 is divided by 47.
29
What is the remainder when 64 is divided by 41?
23
Calculate the remainder when 281 is divided by 9.
2
Calculate the remainder when 11 is divided by 6.
5
Calculate the remainder when 20 is divided by 10.
0
What is the remainder when 184 is divided by 21?
16
Calculate the remainder when 498 is divided by 178.
142
Calculate the remainder when 140 is divided by 134.
6
Calculate the remainder when 444 is divided by 56.
52
What is the remainder when 1210 is divided by 87?
79
What is the remainder when 118 is divided by 36?
10
What is the remainder when 73 is divided by 4?
1
Calculate the remainder when 3152 is divided by 211.
198
What is the remainder when 1436 is divided by 30?
26
What is the remainder when 210 is divided by 3?
0
What is the remainder when 952 is divided by 106?
104
Calculate the remainder when 12819 is divided by 10.
9
What is the remainder when 185 is divided by 88?
9
What is the remainder when 5002 is divided by 264?
250
What is the remainder when 319 is divided by 136?
47
What is the remainder when 344 is divided by 173?
171
What is the remainder when 37 is divided by 15?
7
Calculate the remainder when 2513 is divided by 70.
63
What is the remainder when 562 is divided by 94?
92
Calculate the remainder when 102 is divided by 79.
23
Calculate the remainder when 21 is divided by 6.
3
What is the remainder when 138 is divided by 35?
33
What is the remainder when 588 is divided by 391?
197
What is the remainder when 504 is divided by 124?
8
Calculate the remainder when 167 is divided by 17.
14
What is the remainder when 319 is divided by 31?
9
What is the remainder when 359 is divided by 109?
32
Calculate the remainder when 12885 is divided by 6.
3
Calculate the remainder when 461 is divided by 13.
6
Calculate the remainder when 167 is divided by 76.
15
Calculate the remainder when 2086 is divided by 232.
230
What is the remainder when 68 is divided by 35?
33
What is the remainder when 942 is divided by 21?
18
Calculate the remainder when 628 is divided by 130.
108
Calculate the remainder when 60 is divided by 17.
9
What is the remainder when 1381 is divided by 456?
13
Calculate the remainder when 8711 is divided by 44.
43
Calculate the remainder when 556 is divided by 35.
31
What is the remainder when 162 is divided by 13?
6
What is the remainder when 75 is divided by 39?
36
Calculate the remainder when 876 is divided by 47.
30
What is the remainder when 758 is divided by 4?
2
What is the remainder when 1084 is divided by 325?
109
What is the remainder when 1843 is divided by 154?
149
What is the remainder when 207 is divided by 52?
51
What is the remainder when 80 is divided by 21?
17
Calculate the remainder when 3002 is divided by 97.
92
Calculate the remainder when 103045 is divided by 11.
8
Calculate the remainder when 25 is divided by 19.
6
Calculate the remainder when 625 is divided by 103.
7
Calculate the remainder when 1623 is divided by 49.
6
What is the remainder when 130 is divided by 7?
4
What is the remainder when 1291 is divided by 10?
1
Calculate the remainder when 1314 is divided by 254.
44
Calculate the remainder when 116 is divided by 41.
34
Calculate the remainder when 2332 is divided by 36.
28
Calculate the remainder when 1977 is divided by 12.
9
Calculate the remainder when 710 is divided by 144.
134
What is the remainder when 908 is divided by 112?
12
Calculate the remainder when 119 is divided by 32.
23
Calculate the remainder when 384 is divided by 126.
6
What is the remainder when 1500 is divided by 725?
50
What is the remainder when 82 is divided by 7?
5
Calculate the remainder when 518 is divided by 131.
125
Calculate the remainder when 985 is divided by 58.
57
What is the remainder when 1682 is divided by 51?
50
What is the remainder when 185 is divided by 86?
13
What is the remainder when 389 is divided by 169?
51
Calculate the remainder when 629 is divided by 15.
14
What is the remainder when 96 is divided by 34?
28
What is the remainder when 54 is divided by 14?
12
What is the remainder when 1774 is divided by 21?
10
Calculate the remainder when 98 is divided by 26.
20
Calculate the remainder when 113 is divided by 63.
50
What is the remainder when 36 is divided by 18?
0
Calculate the remainder when 378 is divided by 99.
81
Calculate the remainder when 815 is divided by 41.
36
Calculate the remainder when 300 is divided by 58.
10
What is the remainder when 138 is divided by 35?
33
Calculate the remainder when 550 is divided by 23.
21
What is the remainder when 164 is divided by 5?
4
Calculate the remainder when 1018 is divided by 41.
34
What is the remainder when 67 is divided by 31?
5
What is the remainder when 517 is divided by 32?
5
What is the remainder when 6425 is divided by 14?
13
Calculate the remainder when 94 is divided by 32.
30
Calculate the remainder when 92 is divided by 54.
38
What is the remainder when 189 is divided by 69?
51
What is the remainder when 316 is divided by 205?
111
Calculate the remainder when 6070 is divided by 69.
67
What is the remainder when 401 is divided by 75?
26
What is the remainder when 3392 is divided by 87?
86
Calculate the remainder when 1030 is divided by 396.
238
What is the remainder when 353 is divided by 73?
61
What is the remainder when 85 is divided by 28?
1
Calculate the remainder when 66 is divided by 9.
3
What is the remainder when 525 is divided by 55?
30
Calculate the remainder when 1172 is divided by 42.
38
Calculate the remainder when 1589 is divided by 53.
52
What is the remainder when 149 is divided by 9?
5
What is the remainder when 55 is divided by 16?
7
Calculate the remainder when 418 is divided by 182.
54
What is the remainder when 311 is divided by 78?
77
Calculate the remainder when 114 is divided by 24.
18
Calculate the remainder when 64052 is divided by 115.
112
What is the remainder when 259 is divided by 5?
4
What is the remainder when 296 is divided by 25?
21
Calculate the remainder when 7008 is divided by 42.
36
Calculate the remainder when 5359 is divided by 892.
7
Calculate the remainder when 15 is divided by 3.
0
Calculate the remainder when 2551 is divided by 846.
13
Calculate the remainder when 1169 is divided by 178.
101
Calculate the remainder when 156 is divided by 81.
75
Calculate the remainder when 966 is divided by 301.
63
Calculate the remainder when 79 is divided by 30.
19
Calculate the remainder when 3336 is divided by 19.
11
Calculate the remainder when 28 is divided by 18.
10
What is the remainder when 43 is divided by 7?
1
Calculate the remainder when 482 is divided by 57.
26
What is the remainder when 118 is divided by 68?
50
What is the remainder when 775 is divided by 30?
25
What is the remainder when 581 is divided by 147?
140
Calculate the remainder when 6268 is divided by 66.
64
Calculate the remainder when 466 is divided by 268.
198
Calculate the remainder when 95 is divided by 25.
20
Calculate the remainder when 2679 is divided by 40.
39
What is the remainder when 589 is divided by 18?
13
Calculate the remainder when 84 is divided by 79.
5
What is the remainder when 18970 is divided by 179?
175
What is the remainder when 288 is divided by 49?
43
What is the remainder when 449 is divided by 35?
29
What is the remainder when 715 is divided by 253?
209
Calculate the remainder when 1695 is divided by 9.
3
Calculate the remainder when 1063 is divided by 56.
55
Calculate the remainder when 60 is divided by 13.
8
Calculate the remainder when 212 is divided by 107.
105
What is the remainder when 319 is divided by 27?
22
Calculate the remainder when 51 is divided by 4.
3
Calculate the remainder when 1310 is divided by 32.
30
Calculate the remainder when 498 is divided by 37.
17
What is the remainder when 503 is divided by 23?
20
What is the remainder when 549 is divided by 179?
12
What is the remainder when 46 is divided by 38?
8
Calculate the remainder when 2561 is divided by 27.
23
Calculate the remainder when 401 is divided by 45.
41
What is the remainder when 12 is divided by 9?
3
Calculate the remainder when 199 is divided by 53.
40
What is the remainder when 236 is divided by 121?
115
What is the remainder when 218 is d